{"id":7406,"date":"2024-03-06T12:33:00","date_gmt":"2024-03-06T12:33:00","guid":{"rendered":"https:\/\/akademie.dw.de\/tunisiamedia\/?page_id=7406"},"modified":"2024-04-16T07:47:12","modified_gmt":"2024-04-16T07:47:12","slug":"sma-call-2024","status":"publish","type":"page","link":"https:\/\/techsupport-dev.de\/tunisiamedia\/sma-call-2024\/","title":{"rendered":"SMA Call 2024"},"content":{"rendered":"\n<figure class=\"wp-block-image size-full\"><img loading=\"lazy\" decoding=\"async\" width=\"945\" height=\"531\" src=\"https:\/\/akademie.dw.de\/tunisiamedia\/wp-content\/uploads\/2024\/02\/image.png\" alt=\"\" class=\"wp-image-7140\" srcset=\"https:\/\/techsupport-dev.de\/tunisiamedia\/wp-content\/uploads\/2024\/02\/image.png 945w, https:\/\/techsupport-dev.de\/tunisiamedia\/wp-content\/uploads\/2024\/02\/image-350x197.png 350w, https:\/\/techsupport-dev.de\/tunisiamedia\/wp-content\/uploads\/2024\/02\/image-768x432.png 768w, https:\/\/techsupport-dev.de\/tunisiamedia\/wp-content\/uploads\/2024\/02\/image-24x13.png 24w, https:\/\/techsupport-dev.de\/tunisiamedia\/wp-content\/uploads\/2024\/02\/image-36x20.png 36w, https:\/\/techsupport-dev.de\/tunisiamedia\/wp-content\/uploads\/2024\/02\/image-48x27.png 48w\" sizes=\"auto, (max-width: 767px) 89vw, (max-width: 1000px) 54vw, (max-width: 1071px) 543px, 580px\" \/><\/figure>\n\n\n\n<div class=\"wp-block-columns is-layout-flex wp-container-core-columns-is-layout-9d6595d7 wp-block-columns-is-layout-flex\">\n<div class=\"wp-block-column is-layout-flow wp-block-column-is-layout-flow\">\n<h2 class=\"wp-block-heading has-text-align-center\"><mark style=\"background-color:rgba(0, 0, 0, 0);color:#00659f\" class=\"has-inline-color\">D\u00c9VELOPPEZ DES M\u00c9DIAS \u00ab\u00a0SMART\u00a0\u00bb,<br>REJOIGNEZ LE SMART MEDIA ACCELERATOR&nbsp;!<\/mark><\/h2>\n\n\n\n<p><\/p>\n\n\n\n<figure class=\"wp-block-image size-large\"><a href=\"https:\/\/akademie.dw.de\/tunisiamedia\/wp-content\/uploads\/2024\/03\/ANTIVIRUS_TABLE_SMA2024.jpeg\" target=\"_blank\" rel=\"noreferrer noopener\"><img loading=\"lazy\" decoding=\"async\" width=\"959\" height=\"1024\" src=\"https:\/\/akademie.dw.de\/tunisiamedia\/wp-content\/uploads\/2024\/03\/ANTIVIRUS_TABLE_SMA2024-959x1024.jpeg\" alt=\"\" class=\"wp-image-7609\" srcset=\"https:\/\/techsupport-dev.de\/tunisiamedia\/wp-content\/uploads\/2024\/03\/ANTIVIRUS_TABLE_SMA2024-959x1024.jpeg 959w, https:\/\/techsupport-dev.de\/tunisiamedia\/wp-content\/uploads\/2024\/03\/ANTIVIRUS_TABLE_SMA2024-328x350.jpeg 328w, https:\/\/techsupport-dev.de\/tunisiamedia\/wp-content\/uploads\/2024\/03\/ANTIVIRUS_TABLE_SMA2024-768x820.jpeg 768w, https:\/\/techsupport-dev.de\/tunisiamedia\/wp-content\/uploads\/2024\/03\/ANTIVIRUS_TABLE_SMA2024-22x24.jpeg 22w, https:\/\/techsupport-dev.de\/tunisiamedia\/wp-content\/uploads\/2024\/03\/ANTIVIRUS_TABLE_SMA2024-34x36.jpeg 34w, https:\/\/techsupport-dev.de\/tunisiamedia\/wp-content\/uploads\/2024\/03\/ANTIVIRUS_TABLE_SMA2024-45x48.jpeg 45w, https:\/\/techsupport-dev.de\/tunisiamedia\/wp-content\/uploads\/2024\/03\/ANTIVIRUS_TABLE_SMA2024.jpeg 1217w\" sizes=\"auto, (max-width: 767px) 89vw, (max-width: 1000px) 54vw, (max-width: 1071px) 543px, 580px\" \/><\/a><\/figure>\n\n\n\n<h2 class=\"wp-block-heading has-text-align-center\"><strong>\u00cates-vous pr\u00eat.e \u00e0 faire passer votre m\u00e9dia au niveau sup\u00e9rieur ? Alors rejoignez le SMART MEDIA ACCELERATOR !<\/strong><br><br><strong>SMART MEDIA ACCELERATOR est une initiative de la DW Akademie pour accompagner le journalisme de qualit\u00e9 en Tunisie.<\/strong><br><br><strong>\u00c0 travers deux programmes, MEDIA LOVES TECH et MEDIA PARCOURS, projets m\u00e9dias et structures m\u00e9diatiques \u00e9tablies peuvent profiter d\u2019un support adapt\u00e9, intelligent et pratique.<\/strong><br><\/h2>\n\n\n\n<p><\/p>\n\n\n\n<p><\/p>\n\n\n\n<h2 class=\"wp-block-heading\">De quoi s\u2019agit-il&nbsp;?<\/h2>\n\n\n\n<p>SMART MEDIA ACCELERATOR est le regroupement de deux programmes d&rsquo;excellence : le programme d\u2019incubation pour projets m\u00e9dia, MEDIA LOVES TECH, et le programme d\u2019acc\u00e9l\u00e9ration pour m\u00e9dias \u00e9tablis, MEDIA PARCOURS.<\/p>\n\n\n\n<p>Autour de ces deux programmes, tout un riche environnement est l\u00e0 pour soutenir les m\u00e9dias engag\u00e9s. Avec vous, nous t\u00e2chons de comprendre vos besoins, de fournir de l\u2019expertise l\u00e0 o\u00f9 elle est n\u00e9cessaire, de cr\u00e9er des ponts, des synergies et de partager des opportunit\u00e9s, de d\u00e9velopper de nouvelles id\u00e9es.<\/p>\n\n\n\n<p><\/p>\n\n\n\n<p><\/p>\n\n\n\n<div class=\"wp-block-columns is-layout-flex wp-container-core-columns-is-layout-9d6595d7 wp-block-columns-is-layout-flex\">\n<div class=\"wp-block-column is-vertically-aligned-top is-layout-flow wp-block-column-is-layout-flow\" style=\"flex-basis:100%\">\n<div class=\"wp-block-media-text is-stacked-on-mobile\" style=\"grid-template-columns:28% auto\"><figure class=\"wp-block-media-text__media\"><img loading=\"lazy\" decoding=\"async\" width=\"176\" height=\"176\" src=\"https:\/\/akademie.dw.de\/tunisiamedia\/wp-content\/uploads\/2024\/02\/image-1.png\" alt=\"\" class=\"wp-image-7143 size-full\" srcset=\"https:\/\/techsupport-dev.de\/tunisiamedia\/wp-content\/uploads\/2024\/02\/image-1.png 176w, https:\/\/techsupport-dev.de\/tunisiamedia\/wp-content\/uploads\/2024\/02\/image-1-150x150.png 150w, https:\/\/techsupport-dev.de\/tunisiamedia\/wp-content\/uploads\/2024\/02\/image-1-100x100.png 100w, https:\/\/techsupport-dev.de\/tunisiamedia\/wp-content\/uploads\/2024\/02\/image-1-24x24.png 24w, https:\/\/techsupport-dev.de\/tunisiamedia\/wp-content\/uploads\/2024\/02\/image-1-36x36.png 36w, https:\/\/techsupport-dev.de\/tunisiamedia\/wp-content\/uploads\/2024\/02\/image-1-48x48.png 48w\" sizes=\"auto, (max-width: 176px) 100vw, 176px\" \/><\/figure><div class=\"wp-block-media-text__content\">\n<p><a href=\"https:\/\/akademie.dw.de\/tunisiamedia\/media-loves-tech\/\">MEDIA LOVES TECH<\/a><br><br>Le programme d\u2019incubation du SMART MEDIA ACCELERATOR cible des porteurs de projet m\u00e9dia ou de projets tech pour le journalisme. Il propose aux b\u00e9n\u00e9ficiaires d\u2019\u00e9valuer la faisabilit\u00e9 de leurs id\u00e9es et de pr\u00e9parer leurs mises sur le march\u00e9.<\/p>\n<\/div><\/div>\n<\/div>\n<\/div>\n\n\n\n<p>Tous les candidats \u00e0 MEDIA LOVES TECH passent d\u2019abord par une phase de pr\u00e9-incubation de 3 mois (mai-juillet) enti\u00e8rement accessible en ligne, pour une premi\u00e8re \u00e9valuation de la viabilit\u00e9 de leur \u00ab&nbsp;solution&nbsp;\u00bb. Les id\u00e9es les plus prometteuses sont ensuite retenues pour une deuxi\u00e8me it\u00e9ration \u00e0 l\u2019automne (septembre-novembre) o\u00f9 interviennent des experts.e.s.<\/p>\n\n\n\n<p><\/p>\n\n\n\n<p><\/p>\n\n\n\n<div class=\"wp-block-media-text is-stacked-on-mobile\" style=\"grid-template-columns:27% auto\"><figure class=\"wp-block-media-text__media\"><img loading=\"lazy\" decoding=\"async\" width=\"173\" height=\"174\" src=\"https:\/\/akademie.dw.de\/tunisiamedia\/wp-content\/uploads\/2024\/02\/image-2.png\" alt=\"\" class=\"wp-image-7146 size-full\" srcset=\"https:\/\/techsupport-dev.de\/tunisiamedia\/wp-content\/uploads\/2024\/02\/image-2.png 173w, https:\/\/techsupport-dev.de\/tunisiamedia\/wp-content\/uploads\/2024\/02\/image-2-150x150.png 150w, https:\/\/techsupport-dev.de\/tunisiamedia\/wp-content\/uploads\/2024\/02\/image-2-100x100.png 100w, https:\/\/techsupport-dev.de\/tunisiamedia\/wp-content\/uploads\/2024\/02\/image-2-24x24.png 24w, https:\/\/techsupport-dev.de\/tunisiamedia\/wp-content\/uploads\/2024\/02\/image-2-36x36.png 36w, https:\/\/techsupport-dev.de\/tunisiamedia\/wp-content\/uploads\/2024\/02\/image-2-48x48.png 48w\" sizes=\"auto, (max-width: 173px) 100vw, 173px\" \/><\/figure><div class=\"wp-block-media-text__content\">\n<p><a href=\"https:\/\/akademie.dw.de\/tunisiamedia\/media-parcours\/\">MEDIA PARCOURS<\/a><\/p>\n\n\n\n<p>Le programme d\u2019acc\u00e9l\u00e9ration du SMART MEDIA ACCELERATOR, d\u2019une dur\u00e9e de 6 \u00e0 9 mois, s\u2019adresse aux m\u00e9dias tunisiens \u00e9tablis qui souhaitent optimiser leur fonctionnement, qu\u2019ils soient ind\u00e9pendants, associatifs ou priv\u00e9s. <\/p>\n<\/div><\/div>\n\n\n\n<p>MEDIA PARCOURS vise au renforcement de la structure b\u00e9n\u00e9ficiaire en transmettant les bonnes pratiques et en r\u00e9pondant aux besoins exprim\u00e9s par chaque m\u00e9dia. Un \u00ab&nbsp;parcours&nbsp;\u00bb d\u2019activit\u00e9s est dessin\u00e9 conjointement comprenant expertise, renforcement de capacit\u00e9s, soutien organisationnel, opportunit\u00e9s\u2026<\/p>\n\n\n\n<p><\/p>\n\n\n\n<p>Cette ann\u00e9e encore, nous cherchons des acteurs qui s\u2019engagent pour renforcer le journalisme&nbsp;: postulez d\u00e8s \u00e0 pr\u00e9sent et rejoignez notre hub d&rsquo;excellence !<\/p>\n\n\n\n<h2 class=\"wp-block-heading\">Les \u00e9tapes des programmes<\/h2>\n\n\n\n<p><\/p>\n\n\n\n<p><strong>MEDIA LOVES TECH<\/strong><\/p>\n\n\n\n<figure class=\"wp-block-image size-large\"><a href=\"https:\/\/akademie.dw.de\/tunisiamedia\/wp-content\/uploads\/2024\/04\/MLT-Timeline-2024_V02_SchPau-1.jpg\" target=\"_blank\" rel=\"noreferrer noopener\"><img loading=\"lazy\" decoding=\"async\" width=\"1024\" height=\"413\" src=\"https:\/\/akademie.dw.de\/tunisiamedia\/wp-content\/uploads\/2024\/04\/MLT-Timeline-2024_V02_SchPau-1-1024x413.jpg\" alt=\"\" class=\"wp-image-7933\" srcset=\"https:\/\/techsupport-dev.de\/tunisiamedia\/wp-content\/uploads\/2024\/04\/MLT-Timeline-2024_V02_SchPau-1-1024x413.jpg 1024w, https:\/\/techsupport-dev.de\/tunisiamedia\/wp-content\/uploads\/2024\/04\/MLT-Timeline-2024_V02_SchPau-1-350x141.jpg 350w, https:\/\/techsupport-dev.de\/tunisiamedia\/wp-content\/uploads\/2024\/04\/MLT-Timeline-2024_V02_SchPau-1-768x310.jpg 768w, https:\/\/techsupport-dev.de\/tunisiamedia\/wp-content\/uploads\/2024\/04\/MLT-Timeline-2024_V02_SchPau-1-1536x619.jpg 1536w, https:\/\/techsupport-dev.de\/tunisiamedia\/wp-content\/uploads\/2024\/04\/MLT-Timeline-2024_V02_SchPau-1.jpg 1915w\" sizes=\"auto, (max-width: 767px) 89vw, (max-width: 1000px) 54vw, (max-width: 1071px) 543px, 580px\" \/><\/a><\/figure>\n\n\n\n<p><strong>MEDIA PARCOURS<\/strong><\/p>\n\n\n\n<figure class=\"wp-block-image size-large\"><a href=\"https:\/\/akademie.dw.de\/tunisiamedia\/wp-content\/uploads\/2024\/04\/MP-timeline-2024_V02_SchPau-2.jpg\" target=\"_blank\" rel=\"noreferrer noopener\"><img loading=\"lazy\" decoding=\"async\" width=\"1024\" height=\"542\" src=\"https:\/\/akademie.dw.de\/tunisiamedia\/wp-content\/uploads\/2024\/04\/MP-timeline-2024_V02_SchPau-2-1024x542.jpg\" alt=\"\" class=\"wp-image-7943\" srcset=\"https:\/\/techsupport-dev.de\/tunisiamedia\/wp-content\/uploads\/2024\/04\/MP-timeline-2024_V02_SchPau-2-1024x542.jpg 1024w, https:\/\/techsupport-dev.de\/tunisiamedia\/wp-content\/uploads\/2024\/04\/MP-timeline-2024_V02_SchPau-2-350x185.jpg 350w, https:\/\/techsupport-dev.de\/tunisiamedia\/wp-content\/uploads\/2024\/04\/MP-timeline-2024_V02_SchPau-2-768x407.jpg 768w, https:\/\/techsupport-dev.de\/tunisiamedia\/wp-content\/uploads\/2024\/04\/MP-timeline-2024_V02_SchPau-2-1536x813.jpg 1536w, https:\/\/techsupport-dev.de\/tunisiamedia\/wp-content\/uploads\/2024\/04\/MP-timeline-2024_V02_SchPau-2.jpg 1902w\" sizes=\"auto, (max-width: 767px) 89vw, (max-width: 1000px) 54vw, (max-width: 1071px) 543px, 580px\" \/><\/a><\/figure>\n\n\n\n<p><\/p>\n\n\n\n<h2 class=\"wp-block-heading\">Un financement possible<\/h2>\n\n\n\n<p><\/p>\n\n\n\n<figure class=\"wp-block-image size-full\"><img loading=\"lazy\" decoding=\"async\" width=\"173\" height=\"123\" src=\"https:\/\/akademie.dw.de\/tunisiamedia\/wp-content\/uploads\/2024\/02\/image-3.png\" alt=\"\" class=\"wp-image-7149\" srcset=\"https:\/\/techsupport-dev.de\/tunisiamedia\/wp-content\/uploads\/2024\/02\/image-3.png 173w, https:\/\/techsupport-dev.de\/tunisiamedia\/wp-content\/uploads\/2024\/02\/image-3-24x17.png 24w, https:\/\/techsupport-dev.de\/tunisiamedia\/wp-content\/uploads\/2024\/02\/image-3-36x26.png 36w, https:\/\/techsupport-dev.de\/tunisiamedia\/wp-content\/uploads\/2024\/02\/image-3-48x34.png 48w\" sizes=\"auto, (max-width: 173px) 100vw, 173px\" \/><\/figure>\n\n\n\n<p>Composante du projet europ\u00e9en \u00ab&nbsp;Tunisie 360\u00b0 On en Parle&nbsp;!&nbsp;\u00bb, le SMART MEDIA ACCELERATOR permet \u00e0 chaque structure engag\u00e9e dans MEDIA LOVES TECH ou MEDIA PARCOURS d\u2019\u00eatre \u00e9ligible en fin de programme \u00e0 un soutien financier pour la production de contenus.<\/p>\n\n\n\n<h2 class=\"wp-block-heading\">Suis-je \u00e9ligible et comment postuler&nbsp;?<\/h2>\n\n\n\n<p><\/p>\n\n\n\n<p>SMART MEDIA ACCELERATOR 2024, ce sont 2 voies pour obtenir du soutien, mais 1 seul formulaire de participation !<br><br>V\u00e9rifiez votre \u00e9ligibilit\u00e9 en consultant toutes les infos sur les pages <a href=\"https:\/\/akademie.dw.de\/tunisiamedia\/media-loves-tech\/\" data-type=\"link\" data-id=\"https:\/\/akademie.dw.de\/tunisiamedia\/media-loves-tech\/\" target=\"_blank\" rel=\"noreferrer noopener\">MEDIA LOVES TECH<\/a> et <a href=\"https:\/\/akademie.dw.de\/tunisiamedia\/media-parcours\/\" target=\"_blank\" rel=\"noreferrer noopener\">MEDIA PARCOURS<\/a>.<\/p>\n\n\n\n<p>Et si vous pensez avoir le profil pour rejoindre le SMART MEDIA ACCELERATOR : candidatez !<\/p>\n\n\n\n<div class=\"wp-block-group\"><div class=\"wp-block-group__inner-container is-layout-constrained wp-block-group-is-layout-constrained\">\n<div class=\"wp-block-group\"><div class=\"wp-block-group__inner-container is-layout-constrained wp-block-group-is-layout-constrained\">\n<div class=\"wp-block-group\"><div class=\"wp-block-group__inner-container is-layout-constrained wp-block-group-is-layout-constrained\">\n<p class=\"has-text-align-left\"><mark style=\"background-color:rgba(0, 0, 0, 0)\" class=\"has-inline-color has-black-color\"><strong>1 \u2013 Remplissez le formulaire de candidature en haut de cette page. <\/strong><\/mark><\/p>\n\n\n\n<p><strong>2 \u2013 Selon vos infos, vous serez dirig\u00e9.e.s vers MEDIA LOVES TECH ou MEDIA PARCOURS.<\/strong><\/p>\n\n\n\n<p><strong>3 \u2013 Envoyez votre candidature&nbsp;!<\/strong><\/p>\n\n\n\n<p><strong>\u00c9tapes suivantes&nbsp;:<\/strong><\/p>\n\n\n\n<p><strong>4 (MEDIA LOVES TECH) \u2013 Un e-mail de confirmation vous sera envoy\u00e9 et vous obtiendrez l\u2019acc\u00e8s \u00e0 la plateforme d\u2019apprentissage en ligne.<\/strong><\/p>\n\n\n\n<p><strong>4 (MEDIA PARCOURS) \u2013 S\u00e9lectionnez un rendez-vous pour un entretien<br><\/strong><br><strong>Postulez jusqu&rsquo;au 30 avril 2024 !<br><\/strong><\/p>\n<\/div><\/div>\n<\/div><\/div>\n<\/div><\/div>\n\n\n\n<h2 class=\"wp-block-heading\">Contact<\/h2>\n\n\n\n<p><br>Vous avez une question ? Contactez-nous ici :<br><a href=\"mailto:medialovestech@dw.com\">medialovestech@dw.com<\/a><br><a href=\"mailto:mediaparcours@dw.com\">mediaparcours@dw.com<\/a><br><br>Et suivez-nous sur :<br><a href=\"https:\/\/www.facebook.com\/SmartMediaAccelerator\">Facebook\/SmartMediaAccelerator<\/a><br><a href=\"https:\/\/www.youtube.com\/@SmartMediaAccelerator\">Youtube.com\/@SmartMediaAccelerator<\/a><\/p>\n\n\n\n<figure class=\"wp-block-embed is-type-video is-provider-youtube wp-block-embed-youtube wp-embed-aspect-16-9 wp-has-aspect-ratio\"><div class=\"wp-block-embed__wrapper\">\n<div class=\"epyt-video-wrapper\"><iframe loading=\"lazy\"  id=\"_ytid_28383\"  width=\"525\" height=\"295\"  data-origwidth=\"525\" data-origheight=\"295\" src=\"https:\/\/www.youtube.com\/embed\/T61MTkN9TRI?enablejsapi=1&#038;autoplay=0&#038;cc_load_policy=0&#038;cc_lang_pref=&#038;iv_load_policy=3&#038;loop=0&#038;rel=0&#038;fs=1&#038;playsinline=0&#038;autohide=2&#038;theme=dark&#038;color=red&#038;controls=1&#038;disablekb=0&#038;\" class=\"__youtube_prefs__  epyt-is-override  no-lazyload\" title=\"YouTube player\"  allow=\"fullscreen; accelerometer; autoplay; clipboard-write; encrypted-media; gyroscope; picture-in-picture; web-share\" referrerpolicy=\"strict-origin-when-cross-origin\" allowfullscreen data-no-lazy=\"1\" data-skipgform_ajax_framebjll=\"\"><\/iframe><\/div>\n<\/div><\/figure>\n\n\n\n<p><\/p>\n\n\n\n<p><em>SMART MEDIA ACCELERATOR est une initiative de la DW Akademie, le centre de la Deutsche Welle pour le d\u00e9veloppement international des m\u00e9dias, la formation journalistique et le transfert de connaissances. <\/em><\/p>\n\n\n\n<p><em>Ce programme est financ\u00e9 par l\u2019Union europ\u00e9enne et le minist\u00e8re f\u00e9d\u00e9ral de la Coop\u00e9ration \u00e9conomique et du D\u00e9veloppement&nbsp;(BMZ).<\/em><\/p>\n<\/div>\n\n\n\n<div class=\"wp-block-column is-layout-flow wp-block-column-is-layout-flow\">\n<iframe loading=\"lazy\" src=\"https:\/\/docs.google.com\/forms\/d\/e\/1FAIpQLSe7Wc-oGG33GxiywH4JN_8Pv2mZTP4IXOvYp6EAYQWxejWZew\/viewform?embedded=true\" width=\"640\" height=\"1657\" frameborder=\"0\" marginheight=\"0\" marginwidth=\"0\">Wird geladen\u2026<\/iframe>\n<\/div>\n<\/div>\n","protected":false},"excerpt":{"rendered":"<p>D\u00c9VELOPPEZ DES M\u00c9DIAS \u00ab\u00a0SMART\u00a0\u00bb,REJOIGNEZ LE SMART MEDIA ACCELERATOR&nbsp;! \u00cates-vous pr\u00eat.e \u00e0 faire passer votre m\u00e9dia au niveau sup\u00e9rieur ? Alors rejoignez le SMART MEDIA ACCELERATOR ! SMART MEDIA ACCELERATOR est une initiative de la DW Akademie pour accompagner le journalisme de qualit\u00e9 en Tunisie. \u00c0 travers deux programmes, MEDIA LOVES TECH et MEDIA PARCOURS, projets &hellip; <\/p>\n<p class=\"link-more\"><a href=\"https:\/\/techsupport-dev.de\/tunisiamedia\/sma-call-2024\/\" class=\"more-link\">Continuer la lecture<span class=\"screen-reader-text\"> de &laquo;&nbsp;SMA Call 2024&nbsp;&raquo;<\/span><\/a><\/p>\n","protected":false},"author":3,"featured_media":0,"parent":0,"menu_order":0,"comment_status":"closed","ping_status":"closed","template":"","meta":{"_monsterinsights_skip_tracking":false,"_monsterinsights_sitenote_active":false,"_monsterinsights_sitenote_note":"","_monsterinsights_sitenote_category":0,"footnotes":""},"class_list":["post-7406","page","type-page","status-publish","hentry"],"_links":{"self":[{"href":"https:\/\/techsupport-dev.de\/tunisiamedia\/wp-json\/wp\/v2\/pages\/7406","targetHints":{"allow":["GET"]}}],"collection":[{"href":"https:\/\/techsupport-dev.de\/tunisiamedia\/wp-json\/wp\/v2\/pages"}],"about":[{"href":"https:\/\/techsupport-dev.de\/tunisiamedia\/wp-json\/wp\/v2\/types\/page"}],"author":[{"embeddable":true,"href":"https:\/\/techsupport-dev.de\/tunisiamedia\/wp-json\/wp\/v2\/users\/3"}],"replies":[{"embeddable":true,"href":"https:\/\/techsupport-dev.de\/tunisiamedia\/wp-json\/wp\/v2\/comments?post=7406"}],"version-history":[{"count":56,"href":"https:\/\/techsupport-dev.de\/tunisiamedia\/wp-json\/wp\/v2\/pages\/7406\/revisions"}],"predecessor-version":[{"id":7946,"href":"https:\/\/techsupport-dev.de\/tunisiamedia\/wp-json\/wp\/v2\/pages\/7406\/revisions\/7946"}],"wp:attachment":[{"href":"https:\/\/techsupport-dev.de\/tunisiamedia\/wp-json\/wp\/v2\/media?parent=7406"}],"curies":[{"name":"wp","href":"https:\/\/api.w.org\/{rel}","templated":true}]}}