{"id":6270,"date":"2023-06-10T15:18:48","date_gmt":"2023-06-10T15:18:48","guid":{"rendered":"https:\/\/akademie.dw.de\/tunisiamedia\/?page_id=6270"},"modified":"2024-04-16T07:44:08","modified_gmt":"2024-04-16T07:44:08","slug":"media-parcours","status":"publish","type":"page","link":"https:\/\/techsupport-dev.de\/tunisiamedia\/media-parcours\/","title":{"rendered":"MEDIA PARCOURS"},"content":{"rendered":"\n<figure class=\"wp-block-image size-full\"><a href=\"https:\/\/akademie.dw.de\/tunisiamedia\/sma-call-2024\/\" target=\"_blank\" rel=\"noreferrer noopener\"><img loading=\"lazy\" decoding=\"async\" width=\"960\" height=\"540\" src=\"https:\/\/akademie.dw.de\/tunisiamedia\/wp-content\/uploads\/2024\/04\/SMA2024APPLYBUTTON.png\" alt=\"\" class=\"wp-image-7870\" srcset=\"https:\/\/techsupport-dev.de\/tunisiamedia\/wp-content\/uploads\/2024\/04\/SMA2024APPLYBUTTON.png 960w, https:\/\/techsupport-dev.de\/tunisiamedia\/wp-content\/uploads\/2024\/04\/SMA2024APPLYBUTTON-350x197.png 350w, https:\/\/techsupport-dev.de\/tunisiamedia\/wp-content\/uploads\/2024\/04\/SMA2024APPLYBUTTON-768x432.png 768w\" sizes=\"auto, (max-width: 767px) 89vw, (max-width: 1000px) 54vw, (max-width: 1071px) 543px, 580px\" \/><\/a><\/figure>\n\n\n\n<h3 class=\"wp-block-heading has-text-align-center\"><strong>Participez vite au <a href=\"https:\/\/akademie.dw.de\/tunisiamedia\/sma-call-2024\/\" target=\"_blank\" rel=\"noreferrer noopener\">SMART MEDIA ACCELERATOR 2024<\/a> !<br>Deadline : 30 avril 2024 !<\/strong><\/h3>\n\n\n\n<p><\/p>\n\n\n\n<hr class=\"wp-block-separator has-alpha-channel-opacity\"\/>\n\n\n\n<figure class=\"wp-block-image size-full is-resized\"><img loading=\"lazy\" decoding=\"async\" width=\"1024\" height=\"576\" src=\"https:\/\/akademie.dw.de\/tunisiamedia\/wp-content\/uploads\/2024\/02\/DWA-MP-Video_Abspanntafel_1024x576-FR-EU_Logo.png\" alt=\"\" class=\"wp-image-7317\" srcset=\"https:\/\/techsupport-dev.de\/tunisiamedia\/wp-content\/uploads\/2024\/02\/DWA-MP-Video_Abspanntafel_1024x576-FR-EU_Logo.png 1024w, https:\/\/techsupport-dev.de\/tunisiamedia\/wp-content\/uploads\/2024\/02\/DWA-MP-Video_Abspanntafel_1024x576-FR-EU_Logo-350x197.png 350w, https:\/\/techsupport-dev.de\/tunisiamedia\/wp-content\/uploads\/2024\/02\/DWA-MP-Video_Abspanntafel_1024x576-FR-EU_Logo-768x432.png 768w, https:\/\/techsupport-dev.de\/tunisiamedia\/wp-content\/uploads\/2024\/02\/DWA-MP-Video_Abspanntafel_1024x576-FR-EU_Logo-24x14.png 24w, https:\/\/techsupport-dev.de\/tunisiamedia\/wp-content\/uploads\/2024\/02\/DWA-MP-Video_Abspanntafel_1024x576-FR-EU_Logo-36x20.png 36w, https:\/\/techsupport-dev.de\/tunisiamedia\/wp-content\/uploads\/2024\/02\/DWA-MP-Video_Abspanntafel_1024x576-FR-EU_Logo-48x27.png 48w\" sizes=\"auto, (max-width: 767px) 89vw, (max-width: 1000px) 54vw, (max-width: 1071px) 543px, 580px\" \/><\/figure>\n\n\n\n<h2 class=\"wp-block-heading\">Combien de temps \u00eates-vous pr\u00eat \u00e0 investir dans l&rsquo;optimisation de votre m\u00e9dia ?<br>Avec MEDIA PARCOURS, donnez \u00e0 votre entreprise les chances d\u2019atteindre sa taille critique !<\/h2>\n\n\n\n<p><\/p>\n\n\n\n<p><\/p>\n\n\n\n<p>MEDIA PARCOURS est le programme d\u2019acc\u00e9l\u00e9ration de la DW Akademie pour les m\u00e9dias en Tunisie. Sur une p\u00e9riode comprise entre 6 et 9 mois, MEDIA PARCOURS offre un soutien continu et sur mesure \u00e0 des organisations m\u00e9dia \u00e9tablies, pour assurer croissance et rentabilit\u00e9.<\/p>\n\n\n\n<p>MEDIA PARCOURS adopte une approche holistique en se focalisant sur la viabilit\u00e9 et la p\u00e9rennit\u00e9 de l\u2019organisation engag\u00e9e.<\/p>\n\n\n\n<h2 class=\"wp-block-heading\">Qui peut b\u00e9n\u00e9ficier de MEDIA PARCOURS ?<\/h2>\n\n\n\n<p><\/p>\n\n\n\n<p>MEDIA PARCOURS s\u2019adresse \u00e0 toutes les organisations m\u00e9dia ind\u00e9pendantes, associatives ou priv\u00e9es, op\u00e9rant en Tunisie. Le programme s&rsquo;adresse aux m\u00e9dias qui sont pr\u00eats \u00e0 engager l&rsquo;ensemble de leur structure et qui, comme la DW Akademie, voient en l\u2019am\u00e9lioration de la qualit\u00e9 de leurs pratiques la cl\u00e9 de leur succ\u00e8s et de leur durabilit\u00e9.<\/p>\n\n\n\n<p><\/p>\n\n\n\n<p><\/p>\n\n\n\n<figure class=\"wp-block-image size-large\"><img loading=\"lazy\" decoding=\"async\" width=\"1024\" height=\"768\" src=\"https:\/\/akademie.dw.de\/tunisiamedia\/wp-content\/uploads\/2023\/07\/MicrosoftTeams-image-12-1024x768.jpg\" alt=\"\" class=\"wp-image-6865\" srcset=\"https:\/\/techsupport-dev.de\/tunisiamedia\/wp-content\/uploads\/2023\/07\/MicrosoftTeams-image-12-1024x768.jpg 1024w, https:\/\/techsupport-dev.de\/tunisiamedia\/wp-content\/uploads\/2023\/07\/MicrosoftTeams-image-12-350x262.jpg 350w, https:\/\/techsupport-dev.de\/tunisiamedia\/wp-content\/uploads\/2023\/07\/MicrosoftTeams-image-12-768x576.jpg 768w, https:\/\/techsupport-dev.de\/tunisiamedia\/wp-content\/uploads\/2023\/07\/MicrosoftTeams-image-12-1536x1152.jpg 1536w, https:\/\/techsupport-dev.de\/tunisiamedia\/wp-content\/uploads\/2023\/07\/MicrosoftTeams-image-12-24x18.jpg 24w, https:\/\/techsupport-dev.de\/tunisiamedia\/wp-content\/uploads\/2023\/07\/MicrosoftTeams-image-12-36x27.jpg 36w, https:\/\/techsupport-dev.de\/tunisiamedia\/wp-content\/uploads\/2023\/07\/MicrosoftTeams-image-12-48x36.jpg 48w, https:\/\/techsupport-dev.de\/tunisiamedia\/wp-content\/uploads\/2023\/07\/MicrosoftTeams-image-12.jpg 2047w\" sizes=\"auto, (max-width: 767px) 89vw, (max-width: 1000px) 54vw, (max-width: 1071px) 543px, 580px\" \/><figcaption class=\"wp-element-caption\">Dans les studios de la radio IFM \u00e0 Tunis en 2022.<br>Cr\u00e9dit : MEDIA PARCOURS<\/figcaption><\/figure>\n\n\n\n<h2 class=\"wp-block-heading\"><strong>Que propose le programme ? <\/strong><\/h2>\n\n\n\n<p><\/p>\n\n\n\n<p>MEDIA PARCOURS s&rsquo;appuie sur un catalogue de services pour les organisations m\u00e9dia et sur le soutien d&rsquo;experts reconnus afin de fournir un soutien sur mesure, soigneusement con\u00e7u avec votre  structure.<br><br>MEDIA PARCOURS offre un soutien personnalis\u00e9 et intelligent. Le programme d\u00e9bute par un audit complet de la situation du m\u00e9dia (organisation, marketing, audience, qualit\u00e9 du contenu et des process). En vous adaptant \u00e0 votre identit\u00e9 de marque, vous d\u00e9finissez les objectifs \u00e0 r\u00e9aliser durant la p\u00e9riode du MEDIA PARCOURS. Ensemble, nous \u00e9tablissons ensuite une feuille de route de toutes les activit\u00e9s \u00e0 r\u00e9aliser, avec des \u00e9tapes, en lien direct avec vos besoins.<br><\/p>\n\n\n\n<p>MEDIA PARCOURS est un programme flexible qui propose diff\u00e9rentes options d\u2019accompagnement : renforcement des capacit\u00e9s, expertise, ressources en ligne et networking.<\/p>\n\n\n\n<p>Le c\u0153ur de l\u2019accompagnement porte sur 3 th\u00e9matiques :<\/p>\n\n\n\n<p>1.&nbsp; &nbsp; Qualit\u00e9 journalistique et de contenu<\/p>\n\n\n\n<p>2.&nbsp; &nbsp; D\u00e9veloppement de l\u2019audience et du business<\/p>\n\n\n\n<p>3.&nbsp; &nbsp; Finances et activit\u00e9s commerciales<\/p>\n\n\n\n<p>Un objectif partag\u00e9 est de parvenir \u00e0 visualiser votre r\u00e9ussite sous forme de donn\u00e9es quantitatives et de crit\u00e8res de qualit\u00e9. C\u2019est pourquoi un syst\u00e8me de reporting standardis\u00e9 incluant des indicateurs cl\u00e9s de performance (KPIs) est mis en place.&nbsp;<\/p>\n\n\n\n<p>Ainsi vous disposerez d\u2019informations cruciales pour comprendre o\u00f9 vous allez, pour vous aider \u00e0 prendre des d\u00e9cisions mais aussi pour vous adresser \u00e0 tout moment \u00e0 des investisseurs, des fonds pour m\u00e9dias, des sponsors&#8230;<\/p>\n\n\n\n<h2 class=\"wp-block-heading\"><strong>Quid du financement ?<\/strong><\/h2>\n\n\n\n<p><\/p>\n\n\n\n<p>MEDIA PARCOURS n\u2019offre pas de financement direct au cours du programme, mais les participants b\u00e9n\u00e9ficient d&rsquo;un acc\u00e8s inestimable \u00e0 une gamme de services haut de gamme. Profitez d&rsquo;une expertise internationale, d&rsquo;une formation de haut niveau et de vastes possibilit\u00e9s de r\u00e9seautage. Notre id\u00e9e est la suivante :  saisissez toutes les occasions offertes par MEDIA PARCOURS pour maximiser le d\u00e9veloppement de votre organisation tout au long du programme !<\/p>\n\n\n\n<p><\/p>\n\n\n\n<p>MEDIA PARCOURS est une composante du projet europ\u00e9en \u00ab Tunisie 360\u00b0 &#8211; On en Parle ! \u00bb qui vise \u00e0 soutenir les m\u00e9dias dans la production d\u2019infos de qualit\u00e9 sur des sujets socio-\u00e9conomiques par le biais de soutiens financiers. Chaque organisation engag\u00e9e dans MEDIA PARCOURS sera sp\u00e9cialement pr\u00e9par\u00e9e pour qu&rsquo;elle pr\u00e9sente sa candidature, ce qui augmentera ses chances d&rsquo;obtenir un soutien financier allant de 5 000 \u00e0 60 000 \u20ac.<\/p>\n\n\n\n<p><\/p>\n\n\n\n<h3 class=\"wp-block-heading\"><strong>Les \u00e9tapes du programme<\/strong><\/h3>\n\n\n\n<p><\/p>\n\n\n\n<figure class=\"wp-block-image size-large is-resized\"><img loading=\"lazy\" decoding=\"async\" width=\"1024\" height=\"542\" src=\"https:\/\/akademie.dw.de\/tunisiamedia\/wp-content\/uploads\/2024\/04\/MP-timeline-2024_V02_SchPau-1024x542.jpg\" alt=\"\" class=\"wp-image-7935\" style=\"width:1237px;height:auto\" srcset=\"https:\/\/techsupport-dev.de\/tunisiamedia\/wp-content\/uploads\/2024\/04\/MP-timeline-2024_V02_SchPau-1024x542.jpg 1024w, https:\/\/techsupport-dev.de\/tunisiamedia\/wp-content\/uploads\/2024\/04\/MP-timeline-2024_V02_SchPau-350x185.jpg 350w, https:\/\/techsupport-dev.de\/tunisiamedia\/wp-content\/uploads\/2024\/04\/MP-timeline-2024_V02_SchPau-768x407.jpg 768w, https:\/\/techsupport-dev.de\/tunisiamedia\/wp-content\/uploads\/2024\/04\/MP-timeline-2024_V02_SchPau-1536x813.jpg 1536w, https:\/\/techsupport-dev.de\/tunisiamedia\/wp-content\/uploads\/2024\/04\/MP-timeline-2024_V02_SchPau.jpg 1902w\" sizes=\"auto, (max-width: 767px) 89vw, (max-width: 1000px) 54vw, (max-width: 1071px) 543px, 580px\" \/><\/figure>\n\n\n\n<p><\/p>\n\n\n\n<p>1 &#8211; Candidature<br>Du 15 mars au 30 avril 2024.<\/p>\n\n\n\n<p>MEDIA PARCOURS commence d\u00e8s maintenant ! Tout au long de la phase de candidature, nous invitons les postulants \u00e0 nous partager leurs valeurs (raison d\u2019\u00eatre), leurs r\u00e9alisations et succ\u00e8s, mais aussi leurs d\u00e9fis et leurs questionnements. Il leur est demand\u00e9 \u00e9galement de formuler leurs objectifs strat\u00e9giques. C\u2019est sur la base de cette r\u00e9flexion initiale globale sur l\u2019organisation et son fonctionnement que nous \u00e9valuons leur \u00e9ligibilit\u00e9.<\/p>\n\n\n\n<h3 class=\"wp-block-heading\">2 &#8211; \u00c9valuation des besoins et \u00e9laboration de la feuille de route<br>Deuxi\u00e8me moiti\u00e9 du mois de mai 2024.<\/h3>\n\n\n\n<p>Une fois officiellement s\u00e9lectionn\u00e9e, chaque organisation est soumise \u00e0 une phase d\u2019\u00e9valuation des besoins. Cette \u00e9tape cruciale nous permet de hi\u00e9rarchiser les objectifs \u00e0 atteindre et les actions \u00e0 mettre en \u0153uvre au cours du programme.<\/p>\n\n\n\n<p>Une feuille de route (<em>roadmap<\/em>) est ensuite \u00e9tablie conjointement.<\/p>\n\n\n\n<h3 class=\"wp-block-heading\">3 &#8211; D\u00e9roulement du programme<br>De juin \u00e0 d\u00e9cembre 2024.<\/h3>\n\n\n\n<p>Les actions se concr\u00e9tisent suivant un calendrier d\u00e9coup\u00e9 en 3 phases : juin\/juillet, septembre\/octobre, novembre\/d\u00e9cembre.<br><\/p>\n\n\n\n<p><\/p>\n\n\n\n<h3 class=\"wp-block-heading\">4 &#8211; D\u00e9p\u00f4t de candidature pour un soutien financier<br>Automne 2024.<\/h3>\n\n\n\n<p>Conseill\u00e9e tout au long du programme, chaque organisation engag\u00e9e dans MEDIA PARCOURS pr\u00e9sente sa candidature dans le cadre du projet europ\u00e9en \u00ab Tunisie 360\u00b0 &#8211; On en Parle ! \u00bb (voir paragraphe \u00ab Quid du financement ?\u00bb). <\/p>\n\n\n\n<p><\/p>\n\n\n\n<p><strong><em>MEDIA PARCOURS est une initiative de DW Akademie. Ce programme est financ\u00e9 par l&rsquo;Union europ\u00e9enne et le minist\u00e8re f\u00e9d\u00e9ral allemand de la Coop\u00e9ration \u00e9conomique et du D\u00e9veloppement (BMZ).<\/em><\/strong><\/p>\n","protected":false},"excerpt":{"rendered":"<p>Participez vite au SMART MEDIA ACCELERATOR 2024 !Deadline : 30 avril 2024 ! Combien de temps \u00eates-vous pr\u00eat \u00e0 investir dans l&rsquo;optimisation de votre m\u00e9dia ?Avec MEDIA PARCOURS, donnez \u00e0 votre entreprise les chances d\u2019atteindre sa taille critique ! MEDIA PARCOURS est le programme d\u2019acc\u00e9l\u00e9ration de la DW Akademie pour les m\u00e9dias en Tunisie. Sur &hellip; <\/p>\n<p class=\"link-more\"><a href=\"https:\/\/techsupport-dev.de\/tunisiamedia\/media-parcours\/\" class=\"more-link\">Continuer la lecture<span class=\"screen-reader-text\"> de &laquo;&nbsp;MEDIA PARCOURS&nbsp;&raquo;<\/span><\/a><\/p>\n","protected":false},"author":3,"featured_media":0,"parent":0,"menu_order":0,"comment_status":"closed","ping_status":"closed","template":"","meta":{"_monsterinsights_skip_tracking":false,"_monsterinsights_sitenote_active":false,"_monsterinsights_sitenote_note":"","_monsterinsights_sitenote_category":0,"footnotes":""},"class_list":["post-6270","page","type-page","status-publish","hentry"],"_links":{"self":[{"href":"https:\/\/techsupport-dev.de\/tunisiamedia\/wp-json\/wp\/v2\/pages\/6270","targetHints":{"allow":["GET"]}}],"collection":[{"href":"https:\/\/techsupport-dev.de\/tunisiamedia\/wp-json\/wp\/v2\/pages"}],"about":[{"href":"https:\/\/techsupport-dev.de\/tunisiamedia\/wp-json\/wp\/v2\/types\/page"}],"author":[{"embeddable":true,"href":"https:\/\/techsupport-dev.de\/tunisiamedia\/wp-json\/wp\/v2\/users\/3"}],"replies":[{"embeddable":true,"href":"https:\/\/techsupport-dev.de\/tunisiamedia\/wp-json\/wp\/v2\/comments?post=6270"}],"version-history":[{"count":74,"href":"https:\/\/techsupport-dev.de\/tunisiamedia\/wp-json\/wp\/v2\/pages\/6270\/revisions"}],"predecessor-version":[{"id":7938,"href":"https:\/\/techsupport-dev.de\/tunisiamedia\/wp-json\/wp\/v2\/pages\/6270\/revisions\/7938"}],"wp:attachment":[{"href":"https:\/\/techsupport-dev.de\/tunisiamedia\/wp-json\/wp\/v2\/media?parent=6270"}],"curies":[{"name":"wp","href":"https:\/\/api.w.org\/{rel}","templated":true}]}}