{"id":4750,"date":"2021-05-31T08:43:10","date_gmt":"2021-05-31T08:43:10","guid":{"rendered":"https:\/\/techsupport-dev.de\/tunisiamedia\/?page_id=4750"},"modified":"2021-05-31T08:43:13","modified_gmt":"2021-05-31T08:43:13","slug":"science-journalism","status":"publish","type":"page","link":"https:\/\/techsupport-dev.de\/tunisiamedia\/science-journalism\/","title":{"rendered":"SCIENCE JOURNALISM"},"content":{"rendered":"\n<h1 class=\"wp-block-heading\">SCIENCE JOURNALISM<\/h1>\n\n\n\n<p><\/p>\n\n\n\n<p>Cette ann\u00e9e, MEDIA LOVES TECH propose un prix sp\u00e9cial pour les projets \u0153uvrant dans le cadre du journalisme scientifique. Les meilleures propositions pourront remporter jusque 5 000 \u20ac !<br><br>Plus d&rsquo;infos \u00e0 venir&#8230;<\/p>\n","protected":false},"excerpt":{"rendered":"<p>SCIENCE JOURNALISM Cette ann\u00e9e, MEDIA LOVES TECH propose un prix sp\u00e9cial pour les projets \u0153uvrant dans le cadre du journalisme scientifique. Les meilleures propositions pourront remporter jusque 5 000 \u20ac ! Plus d&rsquo;infos \u00e0 venir&#8230;<\/p>\n","protected":false},"author":5,"featured_media":0,"parent":0,"menu_order":0,"comment_status":"closed","ping_status":"closed","template":"","meta":{"_monsterinsights_skip_tracking":false,"_monsterinsights_sitenote_active":false,"_monsterinsights_sitenote_note":"","_monsterinsights_sitenote_category":0,"footnotes":""},"class_list":["post-4750","page","type-page","status-publish","hentry"],"_links":{"self":[{"href":"https:\/\/techsupport-dev.de\/tunisiamedia\/wp-json\/wp\/v2\/pages\/4750","targetHints":{"allow":["GET"]}}],"collection":[{"href":"https:\/\/techsupport-dev.de\/tunisiamedia\/wp-json\/wp\/v2\/pages"}],"about":[{"href":"https:\/\/techsupport-dev.de\/tunisiamedia\/wp-json\/wp\/v2\/types\/page"}],"author":[{"embeddable":true,"href":"https:\/\/techsupport-dev.de\/tunisiamedia\/wp-json\/wp\/v2\/users\/5"}],"replies":[{"embeddable":true,"href":"https:\/\/techsupport-dev.de\/tunisiamedia\/wp-json\/wp\/v2\/comments?post=4750"}],"version-history":[{"count":2,"href":"https:\/\/techsupport-dev.de\/tunisiamedia\/wp-json\/wp\/v2\/pages\/4750\/revisions"}],"predecessor-version":[{"id":4753,"href":"https:\/\/techsupport-dev.de\/tunisiamedia\/wp-json\/wp\/v2\/pages\/4750\/revisions\/4753"}],"wp:attachment":[{"href":"https:\/\/techsupport-dev.de\/tunisiamedia\/wp-json\/wp\/v2\/media?parent=4750"}],"curies":[{"name":"wp","href":"https:\/\/api.w.org\/{rel}","templated":true}]}}